f k and 40.
40
Suppose 680 = 3*n + 140. Suppose -5*s + 7*s - n = 0. Let v = -60 + s. What is the greatest common factor of 210 and v?
30
Let k = 70 - 65. Suppose -2 = -k*g - 12. Let f be -3 - (g/5)/(4/280). Calculate the greatest common factor of f and 5.
5
Let o be ((-4)/20)/((-4)/40). Suppose 67 + 121 = o*n + 4*j, 4*n = 3*j + 431. Calculate the highest common factor of n and 130.
26
Suppose 5*d + 2*q = 40, -5*d - q + 4*q + 40 = 0. Suppose 3*k = -2 + d. Let t be k/16*4*38. What is the greatest common factor of t and 57?
19
Suppose -215*m + 1223 = -1030 - 542. Calculate the highest common divisor of 104 and m.
13
Let j = -5 - -13. Suppose -108 = -z - j*z. Suppose -3*t = -z*t + 9. Calculate the greatest common divisor of t and 3.
1
Let h(a) = 15*a**2 - 127*a - 518. Let y be h(-4). Calculate the highest common factor of y and 37490.
230
Suppose -678*m - 55 = -683*m. Let x(g) = g**2 + 5*g - 2. Let o be x(-6). Let t = 15 - o. What is the highest common factor of t and m?
11
Let s be (6/(-9))/(-4 - (-1068)/270). Let i = 202 + -127. What is the highest common divisor of i and s?
15
Let z(o) = 624*o + 3806. Let m be z(7). What is the greatest common divisor of m and 335?
67
Suppose 71*s = 90*s - 2939 + 89. What is the highest common divisor of 186 and s?
6
Suppose 0 = -2*i + 50 + 62. Let q = i - 14. Suppose 0 = -1019*z + 1022*z - 126. What is the highest common divisor of q and z?
42
Suppose 10*l - 23*l + 300 = 17*l. Calculate the greatest common divisor of l and 275.
5
Suppose 33*o = 35*o - 398. Let z = 217 - o. Let v be (-1)/4 - 289/(-4). Calculate the highest common factor of z and v.
18
Suppose 59*d = -23*d - 36*d + 190570. Calculate the greatest common divisor of 950 and d.
95
Let z be 4/(55/(-14) + 4). Let j = z - 52. Let r(p) = 2*p**3 - 8*p**2 + 6. Let b be r(j). Calculate the greatest common factor of b and 48.
6
Let d(r) be the second derivative of 71*r**3/6 - 222*r**2 + 72*r + 2. Let i be d(10). Calculate the highest common factor of 14 and i.
14
Let c(s) = 32*s**2 + 23*s - 1. Let p be c(-1). Let g be ((-4)/((-16)/(-402)))/(9/(-48)). Calculate the greatest common factor of p and g.
8
Let h be 15 - ((-18)/(-24) - 49/28). What is the greatest common factor of h and 7072?
16
Suppose -89*l = -84*l - 11760. Suppose 0 = 17*u + 11*u - l. What is the highest common divisor of u and 56?
28
Let g be 0/(-3) - (-43 + -33). Let p(s) = s**3 + 28*s**2 + 57. Let m be p(-28). What is the greatest common factor of g and m?
19
Let b(z) = 635*z - 10034. Let s be b(16). Suppose 2*w - 2*i + 724 = 7*w, -2*w - 3*i + 294 = 0. Calculate the greatest common factor of w and s.
18
Let h = 3601 - 3371. Calculate the greatest common factor of 506 and h.
46
Suppose -14 = 18*s - 68. Suppose -45 = -13*f - 19. What is the greatest common divisor of f and s?
1
Let b(g) = 13*g + 5526. Let d be b(59). Calculate the highest common divisor of d and 62.
31
Suppose 5145 = 15*i - 1425. What is the greatest common divisor of i and 6?
6
Suppose -u + 63 = 3*n, 63 = 3*n + 6*u - 11*u. Calculate the highest common divisor of 13356 and n.
21
Suppose 2*t - 2*u - 41202 = 0, 0 = -5*t + 2*u + 118734 - 15708. Calculate the highest common divisor of t and 161.
161
Let a(d) be the second derivative of -d**5/20 + 3*d**4/4 - d**3 + 39*d**2/2 - 51*d + 2. Let g be a(8). What is the highest common divisor of g and 44?
11
Suppose -109*o + 181*o - 16632 = 0. Calculate the greatest common factor of o and 473.
11
Suppose -38420 = 148*m - 1937556. Calculate the highest common factor of m and 32.
32
Let k(s) = 3*s**2 - 6. Let a be k(-6). Suppose 10 - 21 = -z + o, 3*o = z + 1. What is the greatest common divisor of a and z?
17
Let x = -462 - -513. Let r be (15/5)/(2 - 1). What is the highest common factor of x and r?
3
Let m be 4 - 1/(2/(-84)). Let h = 887 - m. What is the highest common factor of 29 and h?
29
Let t be 57/(-342)*42/2*136/(-4). Calculate the greatest common factor of 18326 and t.
119
Let v = -1198 - -764. Let b = 485 + v. Calculate the highest common factor of 272 and b.
17
Let b be 21/((-399)/(-68647)) + -4. What is the greatest common factor of 18 and b?
9
Let y = -11717 - -18911. Calculate the highest common divisor of 132 and y.
66
Let y = -144497 + 144543. Let u(m) = m**2 + 7*m - 2. Let c be u(-8). What is the highest common divisor of y and c?
2
Let m = 30 - 21. Let i = -3308 - -3350. What is the highest common divisor of i and m?
3
Suppose 2*z + 3*z + 3*f = 0, 3*z + 4*f = -11. Suppose -z*j + q + 18 = -2*q, 0 = 3*q - 6. What is the greatest common divisor of 240 and j?
8
Suppose 2*s = 352 - 174. Let i = s + -73. Calculate the greatest common divisor of 44 and i.
4
Let o = -3314 + 3860. What is the highest common divisor of 70 and o?
14
Suppose -f + 87 = -0*l + 4*l, 3*l - 4*f = 70. Let v = 243 - 166. Calculate the highest common factor of v and l.
11
Let g(j) = -2*j**2 - j**2 + 4*j**2 + 8 - 1 + 6*j. Let f be g(-3). Let a be 3/(-6)*15*f. What is the highest common factor of a and 15?
15
Suppose -4*j = 16*j - 4680. What is the greatest common divisor of j and 624?
78
Let a(y) = y**3 - 5*y - 9. Let k be a(3). Suppose -5*j = -4*p - 64, 12 = -k*j + 3*p + 48. Calculate the greatest common factor of j and 112.
16
Let o = 146 - 142. Let v be (1 - -4)/(o - (-114)/(-30)). Let z(s) = -2*s**3 - 2*s**2 + s - 1. Let k be z(-2). What is the greatest common factor of v and k?
5
Suppose 11*r = -w + 16*r - 11, 13 = -3*w - 5*r. Let d be (1/(w/9))/(8/(-496)). Calculate the highest common factor of 124 and d.
31
Let h(p) = 856*p**2 + 5987*p - 19. Let v be h(-7). Let s(o) = o - 2. Let n be s(6). Suppose n*u = -85 + 277. Calculate the greatest common divisor of u and v.
16
Suppose 669*d + 396 = 340*d + 347*d. What is the highest common divisor of d and 1958?
22
Suppose 2*t - 640 = -3*t - 3*o, 0 = 5*t - 2*o - 615. Let f be 2/(-6)*(-309 + 234). What is the greatest common factor of t and f?
25
Suppose -245434 = -34*l + 115374. Let i be (4/8)/(-3 - l/(-3536)). What is the highest common factor of 26 and i?
26
Let v(i) = -22*i + 18. Let l be v(-6). Let y = 208 - l. What is the highest common divisor of y and 174?
58
Suppose 0 = 2*s - 5*d + 24, 2*d = 57 - 45. What is the highest common factor of 9147 and s?
3
Let o = -12988 + 13027. Suppose 104 = z - 0*z. What is the highest common divisor of o and z?
13
Suppose 480*m - 781565 = 47*m. Calculate the greatest common factor of 57 and m.
19
Let j be (1927/6 - (-12)/(-18)) + 3/6. What is the greatest common divisor of j and 12305?
107
Suppose f = -2*q + 3653, 5*f + 4*q + 14576 = 9*f. What is the highest common divisor of 28 and f?
7
Let q(x) = -57*x - 231. Let g be q(-5). Suppose 28*u - 25*u - g = 0. What is the greatest common divisor of 306 and u?
18
Let h(t) = -4*t + 184. Suppose 2 = -2*w, k - 11 - 10 = -w. Let f be h(k). Calculate the highest common divisor of 24 and f.
24
Let k(a) be the first derivative of 3*a + 1/3*a**3 + 5 - 4*a**2. Let m be k(8). Calculate the greatest common factor of 2 and m.
1
Let h = -16 + 19. Let r(m) = -m - 4*m**2 + 4*m - 8*m**3 + 1 + 9*m**h + m. Let x be r(2). What is the greatest common divisor of 9 and x?
1
Suppose 2*c + 14*d - 12*d = 0, -5*c + 16 = -3*d. Calculate the highest common factor of 101 and c.
1
Let t be (-60)/(-21) - (-28)/196. Calculate the greatest common factor of t and 67.
1
Let o(c) = c**3 - 22*c**2 + c - 20. Let n be o(22). Suppose -n*t - 8*l = -4*l - 112, t = -3*l + 58. Calculate the highest common divisor of 52 and t.
52
Let j = -28 - -33. Suppose -s - j*x = 13, 0 = 3*s - x + 5*x - 5. Suppose -2*u + s*u = 145. Calculate the highest common divisor of u and 87.
29
Let g be (-939)/(-27) + (-5)/180*-8. Let m be g/(-2)*(-2 - 6/(-5)). Calculate the greatest common factor of 126 and m.
14
Let d(o) = 6*o - 74. Let i be d(17). Let x be (i/(-6))/(20/(-240)). What is the greatest common divisor of x and 42?
14
Let o(d) = 231*d**3 + d**2 + 3*d + 2. Let b be o(-1). Let l = b - -235. What is the greatest common factor of l and 128?
4
Let h be ((-117)/18 - -4)/(1/(-2)). Let z be (-3 - (h + -7))*-48. What is the highest common divisor of z and 168?
24
Suppose -2*b = -2*r + 3 - 1, 3*b + 8 = 4*r. Let p be (r + 3 - 10)*34/(-1). Calculate the greatest common factor of 544 and p.
68
Suppose -2*g = 4*g. Let m be -2 + (2 - g) - -4. S